100?
1
What is the hundreds digit of 1665?
6
What is the thousands digit of 2182?
2
What is the units digit of 110930?
0
What is the tens digit of 8217?
1
What is the thousands digit of 73264?
3
What is the units digit of 96?
6
What is the hundreds digit of 54968?
9
What is the hundreds digit of 456?
4
What is the hundreds digit of 154620?
6
What is the hundreds digit of 14709?
7
What is the hundreds digit of 191?
1
What is the hundreds digit of 5718?
7
What is the tens digit of 2158?
5
What is the tens digit of 2764?
6
What is the hundreds digit of 5254?
2
What is the units digit of 304?
4
What is the tens digit of 67?
6
What is the units digit of 134?
4
What is the tens digit of 1266?
6
What is the tens digit of 6951?
5
What is the ten thousands digit of 120190?
2
What is the units digit of 3897?
7
What is the hundred thousands digit of 156107?
1
What is the tens digit of 556?
5
What is the thousands digit of 7949?
7
What is the hundreds digit of 18166?
1
What is the ten thousands digit of 12841?
1
What is the units digit of 67663?
3
What is the tens digit of 3667?
6
What is the thousands digit of 20093?
0
What is the units digit of 767?
7
What is the hundreds digit of 11378?
3
What is the thousands digit of 11488?
1
What is the thousands digit of 22205?
2
What is the tens digit of 21678?
7
What is the tens digit of 2135?
3
What is the thousands digit of 1152?
1
What is the hundreds digit of 4118?
1
What is the hundreds digit of 2490?
4
What is the units digit of 4475?
5
What is the thousands digit of 11586?
1
What is the tens digit of 624?
2
What is the ten thousands digit of 30395?
3
What is the hundreds digit of 121?
1
What is the units digit of 409?
9
What is the units digit of 5516?
6
What is the thousands digit of 2053?
2
What is the tens digit of 731?
3
What is the hundreds digit of 342?
3
What is the tens digit of 28637?
3
What is the ten thousands digit of 81484?
8
What is the ten thousands digit of 37142?
3
What is the thousands digit of 7734?
7
What is the tens digit of 16261?
6
What is the hundreds digit of 1063?
0
What is the hundreds digit of 2173?
1
What is the hundreds digit of 478?
4
What is the ten thousands digit of 59376?
5
What is the units digit of 71040?
0
What is the hundreds digit of 435?
4
What is the thousands digit of 3383?
3
What is the hundreds digit of 227?
2
What is the thousands digit of 1108?
1
What is the tens digit of 10855?
5
What is the ten thousands digit of 69121?
6
What is the hundreds digit of 103259?
2
What is the tens digit of 48695?
9
What is the hundreds digit of 19193?
1
What is the thousands digit of 1646?
1
What is the tens digit of 6068?
6
What is the thousands digit of 4366?
4
What is the hundreds digit of 13399?
3
What is the tens digit of 44417?
1
What is the ten thousands digit of 36201?
3
What is the ten thousands digit of 11736?
1
What is the tens digit of 90?
9
What is the tens digit of 71?
7
What is the units digit of 38129?
9
What is the thousands digit of 34523?
4
What is the hundreds digit of 42238?
2
What is the hundreds digit of 8510?
5
What is the units digit of 1955?
5
What is the tens digit of 536?
3
What is the tens digit of 64223?
2
What is the tens digit of 11910?
1
What is the thousands digit of 1442?
1
What is the thousands digit of 1842?
1
What is the hundreds digit of 6919?
9
What is the units digit of 1959?
9
What is the units digit of 113?
3
What is the tens digit of 647?
4
What is the tens digit of 63160?
6
What is the hundreds digit of 1458?
4
What is the tens digit of 929?
2
What is the units digit of 5588?
8
What is the hundreds digit of 9513?
5
What is the tens digit of 1121?
2
What is the tens digit of 234?
3
What is the hundreds digit of 16803?
8
What is the units digit of 1488?
8
What is the hundreds digit of 1264?
2
What is the thousands digit of 8831?
8
What is the thousands digit of 30243?
0
What is the units digit of 1505?
5
What is the thousands digit of 11028?
1
What is the hundreds digit of 38436?
4
What is the units digit of 5684?
4
What is the thousands digit of 1031?
1
What is the tens digit of 986?
8
What is the tens digit of 2524?
2
What is the tens digit of 4530?
3
What is the units digit of 103373?
3
What is the units digit of 4709?
9
What is the units digit of 29580?
0
What is the tens digit of 793?
9
What is the thousands digit of 3979?
3
What is the thousands digit of 20774?
0
What is the thousands digit of 4975?
4
What is the units digit of 1365?
5
What is the hundreds digit of 103228?
2
What is the thousands digit of 5605?
5
What is the hundreds digit of 28277?
2
What is the thousands digit of 71624?
1
What is the units digit of 1679?
9
What is the thousands digit of 4045?
4
What is the units digit of 11849?
9
What is the units digit of 2746?
6
What is the hundreds digit of 1117?
1
What is the units digit of 4386?
6
What is the thousands digit of 1764?
1
What is the tens digit of 717?
1
What is the units digit of 1565?
5
What is the hundreds digit of 2073?
0
What is the hundreds digit of 9670?
6
What is the tens digit of 229?
2
What is the tens digit of 20790?
9
What is the units digit of 3232?
2
What is the thousands digit of 1317?
1
What is the ten thousands digit of 40043?
4
What is the tens digit of 9207?
0
What is the hundreds digit of 201?
2
What is the units digit of 64712?
2
What is the hundred thousands digit of 104689?
1
What is the units digit of 30?
0
What is the hundreds digit of 1898?
8
What is the ten thousands digit of 24343?
2
What is the thousands digit of 1989?
1
What is the hundreds digit of 1406?
4
What is the units digit of 24?
4
What is the units digit of 56422?
2
What is the hundreds digit of 2402?
4
What is the tens digit of 137104?
0
What is the thousands digit of 2079?
2
What is the tens digit of 12810?
1
What is the thousands digit of 1506?
1
What is the tens digit of 38859?
5
What is the units digit of 1358?
8
What is the ten thousands digit of 17518?
1
What is the units digit of 9397?
7
What is the thousands digit of 2412?
2
What is the tens digit of 371?
7
What is the tens digit of 9698?
9
What is the tens digit of 131933?
3
What is the units digit of 1251?
1
What is the hundreds digit of 226?
2
What is the units digit of 1896?
6
What is the units digit of 376?
6
What is the tens digit of 11881?
8
What is the hundreds digit of 1568?
5
What is the tens digit of 25857?
5
What is the thousands digit of 6882?
6
What is the tens digit of 4296?
9
What is the thousands digit of 7947?
7
What is the tens digit of 788?
8
What is the thousands digit of 7968?
7
What is the units digit of 72?
2
What is the tens digit of 2964?
6
What is the hundreds digit of 309?
3
What is the hundreds digit of 653?
6
What is the thousands digit of 1707?
1
What is the tens digit of 1562?
6
What is the units digit of 4343?
3
What is the thousands digit of 4235?
4
What is the thousands digit of 125604?
5
What is the hundreds digit of 5936?
9
What is the hundreds digit of 3468?
4
What is the tens digit of 136262?
6
What is the hundreds digit of 4390?
3
What is the hundreds digit of 2208?
2
What is the thousands digit of 26087?
6
What is the thousands digit of 11001?
1
What is the hundreds digit of 681?
6
What is the hundreds digit of 806?
8
What is the units digit of 3264?
4
What is the tens digit of 11312?
1
What is the tens digit of 1378?
7
What is the tens digit of 36?
3
What is the tens digit of 132?
3
What is the hundreds digit of 197?
1
What is the hundreds digit of 213?
2
What is the hundreds digit of 11853?
8
What is the units digit of 35?
5
What is the units digit of 11870?
0
What is the hundreds digit of 850?
8
What is the tens digit of 665?
6
What is the ten thousands digit of 115705?
1
What is the units digit of 668?
8
What is the ten thousands digit of 106740?
0
What is the tens digit of 1106?
0
What is the thousands digit of 4435?
4
What is the ten thousands digit of 16699?
1
What is the units digit of 1098?
8
What is the thousands digit of 3479?
3
What is the units digit of 8739?
9
What is the tens digit of 51246?
4
What is the ten thousands digit of 119573?
1
What is the hundreds digit of 826?
8
What is the units digit of 154748?
8
What is the units digit of 1616?
6
What is the thousands digit of 1385?
1
What is the tens di